 base 2?
1001111110010000
f57f5 (base 16) to base 8
3653765
Convert 1a8636 (base 14) to base 11.
596127
Convert -1054a5 (base 12) to base 15.
-51768
53c7 (base 14) to base 15
4458
What is -57036 (base 9) in base 13?
-14367
What is 9bcd8c (base 15) in base 5?
3400403212
Convert -213002 (base 4) to base 10.
-2498
Convert 211022202 (base 4) to base 9.
251730
Convert 67772 (base 9) to base 14.
12617
-11441003134 (base 5) to base 16
-cfab42
Convert 715515 (base 8) to base 11.
151648
Convert -cb78d (base 15) to base 16.
-9dcbd
Convert 178707 (base 10) to base 9.
302123
Convert -11232123 (base 5) to base 7.
-603565
Convert 100001100000010010010 (base 2) to base 5.
240112444
What is 52013200 (base 6) in base 12?
601200
What is -14204031 (base 6) in base 9?
-815481
What is 16146a (base 13) in base 3?
1000201110011
-17b3809 (base 14) to base 10
-11726689
Convert -14636573 (base 8) to base 14.
-635b07
Convert -2582e (base 16) to base 10.
-153646
Convert -12302101200 (base 4) to base 13.
-4a3847
26311 (base 7) to base 8
15547
What is 17e60b (base 15) in base 6?
40525145
2102322000 (base 4) to base 7
5054211
What is -21302210 (base 4) in base 9?
-61005
What is 3b8a05 (base 16) in base 6?
215344341
What is -30242010 (base 5) in base 16?
-3b6b4
2022210112 (base 3) to base 9
68715
Convert 3013302342 (base 5) to base 15.
7d6067
What is -d83b (base 16) in base 7?
-320246
Convert 442260 (base 8) to base 16.
244b0
What is 7a503 (base 11) in base 2?
11100011010110101
109e340 (base 15) to base 3
211101021211020
Convert -120010001000 (base 3) to base 14.
-7a591
Convert 10010010111111011001 (base 2) to base 12.
250509
103113213 (base 6) to base 16
1bea09
What is 1131221404 (base 5) in base 3?
11220011120002
What is 17865a3 (base 11) in base 14?
58a458
What is -674033 (base 8) in base 16?
-3781b
What is 1742 (base 9) in base 4?
110312
2231516 (base 9) to base 16
125694
Convert 11011101001101111011011 (base 2) to base 13.
166a587
-1c797c (base 14) to base 8
-3707772
What is -101101000010011001 (base 2) in base 9?
-311040
What is 2d8451 (base 16) in base 14?
57914d
Convert -110111000001 (base 2) to base 9.
-4742
What is -111001111000001011 (base 2) in base 4?
-321320023
Convert -75021 (base 10) to base 12.
-374b9
-4ca39 (base 15) to base 16
-3be38
101010000111110000010 (base 2) to base 6
45325534
What is -1416518 (base 11) in base 5?
-1111022031
-50351 (base 12) to base 8
-313355
-44204320 (base 5) to base 8
-1351613
Convert -1434024 (base 5) to base 11.
-20a20
Convert -11122221120 (base 3) to base 5.
-10414230
Convert -14935 (base 11) to base 5.
-1133332
What is 60106 (base 7) in base 15?
4441
-5dd7f (base 16) to base 9
-645242
16604011 (base 8) to base 11
2202663
What is -69a57 (base 13) in base 4?
-233012011
What is -b1608 (base 13) in base 5?
-40124030
-44124304 (base 5) to base 16
-5cc32
786595 (base 15) to base 13
1260821
What is -12333230003 (base 4) in base 8?
-6775403
Convert 1032763 (base 8) to base 5.
32312310
What is -21222112211102 (base 3) in base 5?
-2041231111
What is 40404 (base 9) in base 6?
323004
What is -310435 (base 9) in base 11?
-116321
What is 67389 (base 13) in base 3?
100112000110
Convert 1100110010001000010 (base 2) to base 10.
418882
What is 36340 (base 10) in base 6?
440124
-85012 (base 11) to base 7
-1023631
71496 (base 16) to base 3
212120112000
10110000000010110000100 (base 2) to base 16
580584
-221010121 (base 4) to base 7
-1300300
What is -4a472 (base 13) in base 12?
-67333
What is -74ac6a (base 14) in base 13?
-a831aa
Convert -142256 (base 10) to base 4.
-202232300
100100100102 (base 3) to base 12
8a562
Convert -13067417 (base 9) to base 10.
-6422101
Convert 11111101011001111101101 (base 2) to base 7.
130402511
Convert 65218 (base 13) to base 4.
230212312
What is -1011201042 (base 5) in base 9?
-3768503
What is -130130313010 (base 4) in base 9?
-15026707
What is 255a7 (base 11) in base 7?
211610
-152282 (base 14) to base 8
-2635232
-11121211021 (base 3) to base 12
-447b1
Convert aa053 (base 11) to base 16.
27022
122003312121 (base 4) to base 7
112031643
-5ec6b (base 16) to base 11
-245732
What is 30364155 (base 7) in base 5?
1122140132
2021120200 (base 3) to base 12
21b90
100001011011101000001001 (base 2) to base 12
2b27861
Convert 386b06 (base 13) to base 3.
2112222000121
What is 5a483 (base 14) in base 4?
311310003
-8c985 (base 15) to base 13
-1289a8
What is 393928 (base 12) in base 15?
138622
7c318 (base 14) to base 3
120100212212
Convert 189d11 (base 15) to base 16.
12467b
Convert 22c8e (base 15) to base 6.
2213042
Convert -3421545 (base 6) to base 9.
-284722
Convert 60466 (base 8) to base 11.
17774
-13255200 (base 6) to base 3
-211111210200
What is -3825f (base 16) in base 15?
-48223
What is -4aeace (base 15) in base 11?
-2034898
Convert 226bc6 (base 13) to base 16.
c6f3f
What is 100101100100100010110 (base 2) in base 7?
13315201
-13413453 (base 7) to base 2
-100110000100010010110
Convert 1314938 (base 12) to base 13.
a19129
-2105144 (base 7) to base 14
-6875b
Convert 1a0ec (base 16) to base 11.
7320a
-7a367a (base 11) to base 5
-311403243
What is -136455 (base 7) in base 10?
-26304
454160 (base 16) to base 14
8620a4
Convert 4c230 (base 15) to base 9.
411010
-101100101100010010000 (base 2) to base 6
-51215532
Convert -77522 (base 11) to base 9.
-181205
2110031223 (base 4) to base 14
11b351
Convert -84a03 (base 13) to base 15.
-4ac14
What is 102234 (base 5) in base 14?
1380
What is 10000000111010110 (base 2) in base 5?
4103011
What is -632db (base 14) in base 5?
-30124223
15965c (base 14) to base 3
1102101211202
-200122122001 (base 3) to base 7
-3056254
10011011111111011101 (base 2) to base 4
2123333131
-201201201022 (base 3) to base 14
-a1753
2a826 (base 14) to base 5
11341444
What is -11700800 (base 9) in base 7?
-66455610
What is 70880 (base 11) in base 7?
610606
111111202102112 (base 3) to base 11
4064081
-1250613 (base 14) to base 12
-2b43849
Convert 43632034 (base 8) to base 12.
3187164
What is -4a2ab2 (base 15) in base 5?
-1402143132
Convert -2112310331 (base 4) to base 5.
-124232124
What is -210322220 (base 4) in base 15?
-2ec08
-b0a143 (base 15) to base 11
-4809444
7116728 (base 9) to base 14
70961a
What is 227673 (base 10) in base 11?
146066
-1177264 (base 8) to base 14
-87420
What is 250007 (base 8) in base 6?
1502131
What is 32005435 (base 6) in base 11?
589005
What is 120212122112201 (base 3) in base 11?
4842a24
-4eff0 (base 16) to base 10
-323568
Convert -65589 (base 11) to base 9.
-154531
Convert cd699 (base 14) to base 2.
1111001100100110111
-257 (base 9) to base 8
-326
Convert -49627 (base 13) to base 6.
-2521144
Convert -88666 (base 9) to base 15.
-12696
What is 10232131021 (base 4) in base 13?
344b69
-706a8 (base 11) to base 12
-4b96b
43244 (base 11) to base 12
30453
Convert 172983 (base 11) to base 4.
1001101310
84605b (base 12) to base 11
11a3851
304225 (base 7) to base 15
105aa
What is 31e3d8 (base 16) in base 3?
20011010001000
Convert -10100100011010010110 (base 2) to base 6.
-22233422
What is 327906 (base 14) in base 15?
23c0a7
2935509 (base 12) to base 5
4110024113
What is b120d (base 16) in base 13?
1c5300
-20526aa (base 12) to base 14
-b43aca
What is 200011110020 (base 3) in base 7?
3016251
Convert -68cfcc (base 16) to base 5.
-3224301230
What is 321593 (base 10) in base 14?
852ad
What is 131554a (base 14) in base 4?
203011022132
1152233 (base 8) to base 4
1031102123
What is -13012323302 (base 4) in base 15?
-26c1c5
What is -22003021 (base 4) in base 12?
-1b9a1
Convert 1b0394 (base 12) to base 11.
2a6806
-67a9826 (base 11) to base 10
-11916108
Convert 2ca2c2 (base 13) to base 7.
12262456
What is 9790 (base 11) in base 12?
7591
-1243144204 (base 5) to base 10
-3099929
What is 430c59 (base 13) in base 15?
2110dc
What is -27a462a (base 11) in base 14?
-8d78dd
-2998384 (base 11) to base 15
-6b6938
Convert -1566444 (base 7) to base 6.
-4403000
What is 8453a (base 12) in base 10?
173566
14a28dc (base 14) to base 10
10072242
-31233011303 (base 4) to base 13
-990c32
-111100011010011110101 (base 2) to base 15
-29185c
Convert 98474 (base 10) to base 9.
160065
-33557 (base 12) to base 13
-25057
Convert 1313130230 (base 4) to base 5.
111124020
Convert 11011001101010001 (base 2) to base 6.
2215533
20c39 (base 13